{"id":1469,"date":"2015-09-21T17:29:33","date_gmt":"2015-09-21T17:29:33","guid":{"rendered":"https:\/\/amicsdelspelegrins.org\/la-credencial\/"},"modified":"2017-02-20T10:23:13","modified_gmt":"2017-02-20T10:23:13","slug":"la-credencial","status":"publish","type":"page","link":"https:\/\/amicsdelspelegrins.org\/ca\/la-credencial\/","title":{"rendered":"La credencial"},"content":{"rendered":"<p><div class=\"fusion-fullwidth fullwidth-box nonhundred-percent-fullwidth non-hundred-percent-height-scrolling\"  style='background-color: rgba(255,255,255,0);background-position: left top;background-repeat: no-repeat;padding-top:0px;padding-right:0px;padding-bottom:0px;padding-left:0px;border-top-width:0px;border-bottom-width:0px;border-color:#eae9e9;border-top-style:solid;border-bottom-style:solid;'><div class=\"fusion-builder-row fusion-row \"><div  class=\"fusion-layout-column fusion_builder_column fusion_builder_column_1_1  fusion-one-full fusion-column-first fusion-column-last fusion-column-no-min-height 1_1\"  style='margin-top:0px;margin-bottom:0px;'>\n\t\t\t\t\t<div class=\"fusion-column-wrapper\" style=\"background-position:left top;background-repeat:no-repeat;-webkit-background-size:cover;-moz-background-size:cover;-o-background-size:cover;background-size:cover;\"  data-bg-url=\"\">\n\t\t\t\t\t\t<div class=\"fusion-text\"><h2>La credencial<\/h2>\n<p>La credencial del pelegr\u00ed \u00e9s un document que es lliura als pelegrins que volen rec\u00f3rrer el cam\u00ed a peu, en bicicleta o a cavall, i \u00e9s necessari per tenir acc\u00e9s als albergs i per aconseguir la <span class=\"hiddenSpellError\">compostel\u00b7la<\/span>. Es pot sol\u00b7licitar amb antelaci\u00f3 a qualsevol associaci\u00f3 d&#8217;amics del cam\u00ed o b\u00e9 a la parr\u00f2quia de la nostra poblaci\u00f3. Tamb\u00e9 l&#8217;expedeixen en diversos albergs de localitats on \u00e9s habitual comen\u00e7ar el cam\u00ed, com ara <span class=\"hiddenSpellError\">Roncesvalles<\/span>, Montserrat, <span class=\"hiddenSpellError\">Logro\u00f1o<\/span>, etc. Un cop en el cam\u00ed, aquest document nom\u00e9s tindr\u00e0 valor si est\u00e0 degudament datat i segellat. Per tant, al llarg del recorregut hem de sol\u00b7licitar que ens posin el segell i la data all\u00e0 on pernoctem.<\/p>\n<\/div><div class=\"fusion-clearfix\"><\/div>\n\n\t\t\t\t\t<\/div>\n\t\t\t\t<\/div><\/div><\/div><div class=\"fusion-fullwidth fullwidth-box nonhundred-percent-fullwidth non-hundred-percent-height-scrolling fusion-equal-height-columns\"  style='background-color: rgba(255,255,255,0);background-position: left top;background-repeat: no-repeat;padding-top:40px;padding-right:0px;padding-bottom:60px;padding-left:0px;border-top-width:0px;border-bottom-width:0px;border-color:#eae9e9;border-top-style:solid;border-bottom-style:solid;'><div class=\"fusion-builder-row fusion-row \"><div  class=\"fusion-layout-column fusion_builder_column fusion_builder_column_1_2  fusion-one-half fusion-column-first 1_2\"  style='margin-top:0px;margin-bottom:0px;'>\n\t\t\t\t\t<div class=\"fusion-column-wrapper\" style=\"background-image: url('https:\/\/amicsdelspelegrins.org\/wp-content\/uploads\/2015\/09\/la-credencial.jpg');background-position:left top;background-repeat:no-repeat;-webkit-background-size:cover;-moz-background-size:cover;-o-background-size:cover;background-size:cover;\"  data-bg-url=\"https:\/\/amicsdelspelegrins.org\/wp-content\/uploads\/2015\/09\/la-credencial.jpg\">\n\t\t\t\t\t\t<div class=\"fusion-clearfix\"><\/div>\n\n\t\t\t\t\t<\/div>\n\t\t\t\t<\/div><div  class=\"fusion-layout-column fusion_builder_column fusion_builder_column_1_2  fusion-one-half fusion-column-last fusion-blend-mode 1_2\"  style='margin-top:0px;margin-bottom:0px;'>\n\t\t\t\t\t<div class=\"fusion-column-wrapper\" style=\"background-color:#eaeaea;padding: 40% 15% 40% 15%;background-position:left top;background-repeat:no-repeat;-webkit-background-size:cover;-moz-background-size:cover;-o-background-size:cover;background-size:cover;\"  data-bg-url=\"\">\n\t\t\t\t\t\t<div class=\"fusion-column-content-centered\"><div class=\"fusion-column-content\"><div class=\"fusion-text\"><p><em>La contxa\u00a0(vieira) de Santiago, s\u00edmbol del pelegrinatge.<\/em><\/p>\n<\/div><\/div><\/div><div class=\"fusion-clearfix\"><\/div>\n\n\t\t\t\t\t<\/div>\n\t\t\t\t<\/div><\/div><\/div><\/p>\n","protected":false},"excerpt":{"rendered":"","protected":false},"author":1,"featured_media":0,"parent":0,"menu_order":0,"comment_status":"closed","ping_status":"closed","template":"","meta":[],"_links":{"self":[{"href":"https:\/\/amicsdelspelegrins.org\/ca\/wp-json\/wp\/v2\/pages\/1469"}],"collection":[{"href":"https:\/\/amicsdelspelegrins.org\/ca\/wp-json\/wp\/v2\/pages"}],"about":[{"href":"https:\/\/amicsdelspelegrins.org\/ca\/wp-json\/wp\/v2\/types\/page"}],"author":[{"embeddable":true,"href":"https:\/\/amicsdelspelegrins.org\/ca\/wp-json\/wp\/v2\/users\/1"}],"replies":[{"embeddable":true,"href":"https:\/\/amicsdelspelegrins.org\/ca\/wp-json\/wp\/v2\/comments?post=1469"}],"version-history":[{"count":3,"href":"https:\/\/amicsdelspelegrins.org\/ca\/wp-json\/wp\/v2\/pages\/1469\/revisions"}],"predecessor-version":[{"id":1487,"href":"https:\/\/amicsdelspelegrins.org\/ca\/wp-json\/wp\/v2\/pages\/1469\/revisions\/1487"}],"wp:attachment":[{"href":"https:\/\/amicsdelspelegrins.org\/ca\/wp-json\/wp\/v2\/media?parent=1469"}],"curies":[{"name":"wp","href":"https:\/\/api.w.org\/{rel}","templated":true}]}}

<p><div class="fusion-fullwidth fullwidth-box nonhundred-percent-fullwidth non-hundred-percent-height-scrolling"  style='background-color: rgba(255,255,255,0);background-position: left top;background-repeat: no-repeat;padding-top:0px;padding-right:0px;padding-bottom:0px;padding-left:0px;border-top-width:0px;border-bottom-width:0px;border-color:#eae9e9;border-top-style:solid;border-bottom-style:solid;'><div class="fusion-builder-row fusion-row "><div  class="fusion-layout-column fusion_builder_column fusion_builder_column_1_1  fusion-one-full fusion-column-first fusion-column-last fusion-column-no-min-height 1_1"  style='margin-top:0px;margin-bottom:0px;'>
					<div class="fusion-column-wrapper" style="background-position:left top;background-repeat:no-repeat;-webkit-background-size:cover;-moz-background-size:cover;-o-background-size:cover;background-size:cover;"  data-bg-url="">
						<div class="fusion-text"><h2>La credencial</h2>
<p>La credencial del pelegrí és un document que es lliura als pelegrins que volen recórrer el camí a peu, en bicicleta o a cavall, i és necessari per tenir accés als albergs i per aconseguir la <span class="hiddenSpellError">compostel·la</span>. Es pot sol·licitar amb antelació a qualsevol associació d&#8217;amics del camí o bé a la parròquia de la nostra població. També l&#8217;expedeixen en diversos albergs de localitats on és habitual començar el camí, com ara <span class="hiddenSpellError">Roncesvalles</span>, Montserrat, <span class="hiddenSpellError">Logroño</span>, etc. Un cop en el camí, aquest document només tindrà valor si està degudament datat i segellat. Per tant, al llarg del recorregut hem de sol·licitar que ens posin el segell i la data allà on pernoctem.</p>
</div><div class="fusion-clearfix"></div>

					</div>
				</div></div></div><div class="fusion-fullwidth fullwidth-box nonhundred-percent-fullwidth non-hundred-percent-height-scrolling fusion-equal-height-columns"  style='background-color: rgba(255,255,255,0);background-position: left top;background-repeat: no-repeat;padding-top:40px;padding-right:0px;padding-bottom:60px;padding-left:0px;border-top-width:0px;border-bottom-width:0px;border-color:#eae9e9;border-top-style:solid;border-bottom-style:solid;'><div class="fusion-builder-row fusion-row "><div  class="fusion-layout-column fusion_builder_column fusion_builder_column_1_2  fusion-one-half fusion-column-first 1_2"  style='margin-top:0px;margin-bottom:0px;'>
					<div class="fusion-column-wrapper" style="background-image: url('https://amicsdelspelegrins.org/wp-content/uploads/2015/09/la-credencial.jpg');background-position:left top;background-repeat:no-repeat;-webkit-background-size:cover;-moz-background-size:cover;-o-background-size:cover;background-size:cover;"  data-bg-url="https://amicsdelspelegrins.org/wp-content/uploads/2015/09/la-credencial.jpg">
						<div class="fusion-clearfix"></div>

					</div>
				</div><div  class="fusion-layout-column fusion_builder_column fusion_builder_column_1_2  fusion-one-half fusion-column-last fusion-blend-mode 1_2"  style='margin-top:0px;margin-bottom:0px;'>
					<div class="fusion-column-wrapper" style="background-color:#eaeaea;padding: 40% 15% 40% 15%;background-position:left top;background-repeat:no-repeat;-webkit-background-size:cover;-moz-background-size:cover;-o-background-size:cover;background-size:cover;"  data-bg-url="">
						<div class="fusion-column-content-centered"><div class="fusion-column-content"><div class="fusion-text"><p><em>La contxa (vieira) de Santiago, símbol del pelegrinatge.</em></p>
</div></div></div><div class="fusion-clearfix"></div>

					</div>
				</div></div></div></p>
