{"id":1467,"date":"2017-02-15T16:41:17","date_gmt":"2017-02-15T16:41:17","guid":{"rendered":"https:\/\/amicsdelspelegrins.org\/la-asociacion\/"},"modified":"2018-06-18T11:23:28","modified_gmt":"2018-06-18T11:23:28","slug":"l-asociacio","status":"publish","type":"page","link":"https:\/\/amicsdelspelegrins.org\/ca\/l-asociacio\/","title":{"rendered":"L&#8217;Associaci\u00f3"},"content":{"rendered":"<div class=\"fusion-fullwidth fullwidth-box nonhundred-percent-fullwidth non-hundred-percent-height-scrolling\"  style='background-color: rgba(255,255,255,0);background-position: left top;background-repeat: no-repeat;padding-top:0px;padding-right:0px;padding-bottom:0px;padding-left:0px;border-top-width:0px;border-bottom-width:0px;border-color:#eae9e9;border-top-style:solid;border-bottom-style:solid;'><div class=\"fusion-builder-row fusion-row \"><div  class=\"fusion-layout-column fusion_builder_column fusion_builder_column_1_1  fusion-one-full fusion-column-first fusion-column-last fusion-column-no-min-height 1_1\"  style='margin-top:0px;margin-bottom:0px;'>\n\t\t\t\t\t<div class=\"fusion-column-wrapper\" style=\"background-position:left top;background-repeat:no-repeat;-webkit-background-size:cover;-moz-background-size:cover;-o-background-size:cover;background-size:cover;\"  data-bg-url=\"\">\n\t\t\t\t\t\t<div class=\"fusion-text\"><h2>L&#8217;Associaci\u00f3<\/h2>\n<p>L&#8217;Associaci\u00f3 <strong>Amics dels Pelegrins<\/strong> a Santiago, va ser fundada el 1995, com a resposta a la inquietud d&#8217;un grup d&#8217;amics i pelegrins que anaven reunint-se i treballant pel Cam\u00ed i per als Pelegrins des de mitjans de 1992.<\/p>\n<p>El cam\u00ed va unir i aglutinar a un grup de persones que en principi es reunien en els locals de la <em>Casa de Val\u00e8ncia<\/em>, amb la il\u00b7lusi\u00f3 de seguir l&#8217;esperit del cam\u00ed i dels pelegrins. Posteriorment en anar augmentant el grup, es va plantejar la necessitat de disposar d&#8217;un local m\u00e9s ampli on poder atendre les persones que volguessin informar sobre el Cam\u00ed, i de pas seguir ampliant les activitats i propostes del grup.<\/p>\n<p>Amb aquest plantejament es va aconseguir una sala, els dimecres, a l&#8217;<em>Ateneu de la Farinera del Clot<\/em>, on es va comen\u00e7ar a funcionar com una secci\u00f3 m\u00e9s de <em>l&#8217;Ateneu<\/em>. Tots recordem amb gran afecte la tasca que va suposar la gran allau de pelegrins de l&#8217;Any Sant de 1993 i l&#8217;esfor\u00e7 realitzat per tots per atendre amb la m\u00e0xima il\u00b7lusi\u00f3 a tots els que es van acostar fins a nosaltres a la recerca d&#8217;informaci\u00f3, assessorament, credencials&#8230;<\/p>\n<p>El grup va seguir creixent i prenent vida pr\u00f2pia pel que es va plantejar la necessitat de marcar les difer\u00e8ncies amb <em>l&#8217;Ateneu<\/em> i independitzar-nos, ja que aquest no oferia la sensibilitat que el Cam\u00ed i el pelegr\u00ed implica. Aix\u00ed, es va prendre la decisi\u00f3 de constituir-nos com associaci\u00f3 de ple dret i inscriure en el Registre d&#8217;<em>Associacions de la Generalitat de Catalunya<\/em>, buscant un centre on pogu\u00e9ssim desenvolupar la nostra tasca amb plena identitat i independ\u00e8ncia.<\/p>\n<p>El resultat va ser l&#8217;associaci\u00f3 que ara coneixeu com <em>Associaci\u00f3 d&#8217;Amics dels Pelegrins a Santiago &#8211; Barcelona<\/em>, \u200b\u200bconstitu\u00efda el febrer de 1995 amb el <span class=\"hiddenGrammarError\" style=\"padding-bottom: 2px; background-image: url('..\/..\/..\/..\/..\/images\/squiggle.png'); background-repeat: repeat-x; background-position: left bottom; cursor: default; color: #666666; font-family: 'Open Sans', Helvetica, Arial, sans-serif; font-size: 16px; font-style: normal; font-variant-ligatures: normal; font-variant-caps: normal; font-weight: 300; letter-spacing: normal; orphans: 2; text-align: start; text-indent: 0px; text-transform: none; white-space: normal; widows: 2; word-spacing: 0px; -webkit-text-stroke-width: 0px;\">n\u00fam<\/span> 16.972 de registre. Els seus socis fundadors van ser: Juan Jos\u00e9 de la <span class=\"hiddenSpellError\">Iglesa<\/span> Moreno, Pedro Alonso \u00c1lvarez, <span class=\"hiddenSpellError\">Joaqu\u00edn<\/span> <span class=\"hiddenSpellError\">Fauroux<\/span> <span class=\"hiddenSpellError\">Piulachs<\/span>, Santiago <span class=\"hiddenSpellError\">Bronchal<\/span> Monge, Manuel <span class=\"hiddenSpellError\">Garanto<\/span> <span class=\"hiddenSpellError\">Al\u00f3s<\/span>, Isabel <span class=\"hiddenSpellError\">Martialay<\/span> Lafuente, <span class=\"hiddenSpellError\">Jaime<\/span> Abril Bosch, <span class=\"hiddenSpellError\">M\u00aa<\/span> Asunci\u00f3n <span class=\"hiddenSpellError\">Cuchi<\/span> <span class=\"hiddenSpellError\">Broquetas<\/span>, <span class=\"hiddenSpellError\">Carmen<\/span> <span class=\"hiddenSpellError\">D\u00edaz<\/span> Mart\u00edn, Rosario <span class=\"hiddenSpellError\">Fauroux<\/span> <span class=\"hiddenSpellError\">Piulachs<\/span> i Antonio Carrasco <span class=\"hiddenSpellError\">Macedo<\/span>. Des de llavors desenvolupem la nostra tasca al <em>Centre C\u00edvic <span class=\"hiddenSpellError\">Casinet<\/span> d&#8217;Hostafrancs<\/em> c \/ Rector Triador, 53 tots els dimecres no festius\u00a0de 20 a 21,30 hores (llevat del mes d&#8217;agost), on seguim amb l&#8217;esperit inicial d&#8217;entusiasme i il\u00b7lusi\u00f3 la tasca d&#8217;atendre i informar els pelegrins. En els \u00faltims anys, el nombre d&#8217;associats no ha parat d&#8217;incrementar-se i entre tots continuem amb la tasca que ens vam proposar inicialment. Com \u00f2rgan informatiu, l&#8217;associaci\u00f3, des de l&#8217;any 1995, ve publicant trimestralment el butllet\u00ed <em><span class=\"hiddenSpellError\">Vestigium<\/span> <span class=\"hiddenSpellError\">Viae<\/span><\/em> que serveix per posar en comunicaci\u00f3 als associats i a les altres associacions jacobees, informant de les activitats que es desenvolupen, relatant experi\u00e8ncies personals del cam\u00ed o fent-se ress\u00f2 de temes jacobeus escrits pels socis o simpatitzants.<\/p>\n<\/div><div class=\"fusion-clearfix\"><\/div>\n\n\t\t\t\t\t<\/div>\n\t\t\t\t<\/div><\/div><\/div>\n","protected":false},"excerpt":{"rendered":"","protected":false},"author":1,"featured_media":0,"parent":0,"menu_order":0,"comment_status":"closed","ping_status":"closed","template":"","meta":[],"_links":{"self":[{"href":"https:\/\/amicsdelspelegrins.org\/ca\/wp-json\/wp\/v2\/pages\/1467"}],"collection":[{"href":"https:\/\/amicsdelspelegrins.org\/ca\/wp-json\/wp\/v2\/pages"}],"about":[{"href":"https:\/\/amicsdelspelegrins.org\/ca\/wp-json\/wp\/v2\/types\/page"}],"author":[{"embeddable":true,"href":"https:\/\/amicsdelspelegrins.org\/ca\/wp-json\/wp\/v2\/users\/1"}],"replies":[{"embeddable":true,"href":"https:\/\/amicsdelspelegrins.org\/ca\/wp-json\/wp\/v2\/comments?post=1467"}],"version-history":[{"count":9,"href":"https:\/\/amicsdelspelegrins.org\/ca\/wp-json\/wp\/v2\/pages\/1467\/revisions"}],"predecessor-version":[{"id":1929,"href":"https:\/\/amicsdelspelegrins.org\/ca\/wp-json\/wp\/v2\/pages\/1467\/revisions\/1929"}],"wp:attachment":[{"href":"https:\/\/amicsdelspelegrins.org\/ca\/wp-json\/wp\/v2\/media?parent=1467"}],"curies":[{"name":"wp","href":"https:\/\/api.w.org\/{rel}","templated":true}]}}

L&#8217;Associació

<div class="fusion-fullwidth fullwidth-box nonhundred-percent-fullwidth non-hundred-percent-height-scrolling"  style='background-color: rgba(255,255,255,0);background-position: left top;background-repeat: no-repeat;padding-top:0px;padding-right:0px;padding-bottom:0px;padding-left:0px;border-top-width:0px;border-bottom-width:0px;border-color:#eae9e9;border-top-style:solid;border-bottom-style:solid;'><div class="fusion-builder-row fusion-row "><div  class="fusion-layout-column fusion_builder_column fusion_builder_column_1_1  fusion-one-full fusion-column-first fusion-column-last fusion-column-no-min-height 1_1"  style='margin-top:0px;margin-bottom:0px;'>
					<div class="fusion-column-wrapper" style="background-position:left top;background-repeat:no-repeat;-webkit-background-size:cover;-moz-background-size:cover;-o-background-size:cover;background-size:cover;"  data-bg-url="">
						<div class="fusion-text"><h2>L&#8217;Associació</h2>
<p>L&#8217;Associació <strong>Amics dels Pelegrins</strong> a Santiago, va ser fundada el 1995, com a resposta a la inquietud d&#8217;un grup d&#8217;amics i pelegrins que anaven reunint-se i treballant pel Camí i per als Pelegrins des de mitjans de 1992.</p>
<p>El camí va unir i aglutinar a un grup de persones que en principi es reunien en els locals de la <em>Casa de València</em>, amb la il·lusió de seguir l&#8217;esperit del camí i dels pelegrins. Posteriorment en anar augmentant el grup, es va plantejar la necessitat de disposar d&#8217;un local més ampli on poder atendre les persones que volguessin informar sobre el Camí, i de pas seguir ampliant les activitats i propostes del grup.</p>
<p>Amb aquest plantejament es va aconseguir una sala, els dimecres, a l&#8217;<em>Ateneu de la Farinera del Clot</em>, on es va començar a funcionar com una secció més de <em>l&#8217;Ateneu</em>. Tots recordem amb gran afecte la tasca que va suposar la gran allau de pelegrins de l&#8217;Any Sant de 1993 i l&#8217;esforç realitzat per tots per atendre amb la màxima il·lusió a tots els que es van acostar fins a nosaltres a la recerca d&#8217;informació, assessorament, credencials&#8230;</p>
<p>El grup va seguir creixent i prenent vida pròpia pel que es va plantejar la necessitat de marcar les diferències amb <em>l&#8217;Ateneu</em> i independitzar-nos, ja que aquest no oferia la sensibilitat que el Camí i el pelegrí implica. Així, es va prendre la decisió de constituir-nos com associació de ple dret i inscriure en el Registre d&#8217;<em>Associacions de la Generalitat de Catalunya</em>, buscant un centre on poguéssim desenvolupar la nostra tasca amb plena identitat i independència.</p>
<p>El resultat va ser l&#8217;associació que ara coneixeu com <em>Associació d&#8217;Amics dels Pelegrins a Santiago &#8211; Barcelona</em>, ​​constituïda el febrer de 1995 amb el <span class="hiddenGrammarError" style="padding-bottom: 2px; background-image: url('../../../../../images/squiggle.png'); background-repeat: repeat-x; background-position: left bottom; cursor: default; color: #666666; font-family: 'Open Sans', Helvetica, Arial, sans-serif; font-size: 16px; font-style: normal; font-variant-ligatures: normal; font-variant-caps: normal; font-weight: 300; letter-spacing: normal; orphans: 2; text-align: start; text-indent: 0px; text-transform: none; white-space: normal; widows: 2; word-spacing: 0px; -webkit-text-stroke-width: 0px;">núm</span> 16.972 de registre. Els seus socis fundadors van ser: Juan José de la <span class="hiddenSpellError">Iglesa</span> Moreno, Pedro Alonso Álvarez, <span class="hiddenSpellError">Joaquín</span> <span class="hiddenSpellError">Fauroux</span> <span class="hiddenSpellError">Piulachs</span>, Santiago <span class="hiddenSpellError">Bronchal</span> Monge, Manuel <span class="hiddenSpellError">Garanto</span> <span class="hiddenSpellError">Alós</span>, Isabel <span class="hiddenSpellError">Martialay</span> Lafuente, <span class="hiddenSpellError">Jaime</span> Abril Bosch, <span class="hiddenSpellError">Mª</span> Asunción <span class="hiddenSpellError">Cuchi</span> <span class="hiddenSpellError">Broquetas</span>, <span class="hiddenSpellError">Carmen</span> <span class="hiddenSpellError">Díaz</span> Martín, Rosario <span class="hiddenSpellError">Fauroux</span> <span class="hiddenSpellError">Piulachs</span> i Antonio Carrasco <span class="hiddenSpellError">Macedo</span>. Des de llavors desenvolupem la nostra tasca al <em>Centre Cívic <span class="hiddenSpellError">Casinet</span> d&#8217;Hostafrancs</em> c / Rector Triador, 53 tots els dimecres no festius de 20 a 21,30 hores (llevat del mes d&#8217;agost), on seguim amb l&#8217;esperit inicial d&#8217;entusiasme i il·lusió la tasca d&#8217;atendre i informar els pelegrins. En els últims anys, el nombre d&#8217;associats no ha parat d&#8217;incrementar-se i entre tots continuem amb la tasca que ens vam proposar inicialment. Com òrgan informatiu, l&#8217;associació, des de l&#8217;any 1995, ve publicant trimestralment el butlletí <em><span class="hiddenSpellError">Vestigium</span> <span class="hiddenSpellError">Viae</span></em> que serveix per posar en comunicació als associats i a les altres associacions jacobees, informant de les activitats que es desenvolupen, relatant experiències personals del camí o fent-se ressò de temes jacobeus escrits pels socis o simpatitzants.</p>
</div><div class="fusion-clearfix"></div>

					</div>
				</div></div></div>
