{"id":1463,"date":"2017-02-15T16:43:10","date_gmt":"2017-02-15T16:43:10","guid":{"rendered":"https:\/\/amicsdelspelegrins.org\/camino-catalan-por-san-juan-de-la-pena\/"},"modified":"2026-04-03T09:19:05","modified_gmt":"2026-04-03T09:19:05","slug":"cami-catala-per-san-juan-de-la-pena-2","status":"publish","type":"page","link":"https:\/\/amicsdelspelegrins.org\/ca\/cami-catala-per-san-juan-de-la-pena-2\/","title":{"rendered":"Cam\u00ed catal\u00e0 per San Juan de la Pe\u00f1a"},"content":{"rendered":"<p><div class=\"fusion-fullwidth fullwidth-box nonhundred-percent-fullwidth non-hundred-percent-height-scrolling\"  style='background-color: rgba(255,255,255,0);background-position: left top;background-repeat: no-repeat;padding-top:0px;padding-right:0px;padding-bottom:0px;padding-left:0px;border-top-width:0px;border-bottom-width:0px;border-color:#eae9e9;border-top-style:solid;border-bottom-style:solid;'><div class=\"fusion-builder-row fusion-row \"><div  class=\"fusion-layout-column fusion_builder_column fusion_builder_column_1_1  fusion-one-full fusion-column-first fusion-column-last fusion-column-no-min-height 1_1\"  style='margin-top:0px;margin-bottom:0px;'>\n\t\t\t\t\t<div class=\"fusion-column-wrapper\" style=\"padding: 0px 0px 0px 0px;background-position:left top;background-repeat:no-repeat;-webkit-background-size:cover;-moz-background-size:cover;-o-background-size:cover;background-size:cover;\"  data-bg-url=\"\">\n\t\t\t\t\t\t<div class=\"fusion-text\"><h2>Cam\u00ed catal\u00e0 per San Juan de la Pe\u00f1a<\/h2>\n<p>El Cam\u00ed Catal\u00e0 per San Juan de la Pe\u00f1a \u00e9s un dels Camins hist\u00f2rics que creuen Catalunya i s&#8217;endinsa en la prov\u00edncia d&#8217;Osca en el seu periple cap a Compostel\u00b7la.<\/p>\n<p>Des 1.992 aquesta Associaci\u00f3 ha mantingut la senyalitzaci\u00f3 d&#8217;aquest cam\u00ed comprenent en el dia d&#8217;avui la totalitat dels gaireb\u00e9 400 quil\u00f2metres que separen Barcelona fins a la seva conflu\u00e8ncia amb el Cam\u00ed Aragon\u00e8s, un parell de quil\u00f2metres abans d&#8217;arribar a Santa Cilia de Jaca.<\/p>\n<p>A Barcelona, podem trobar la primera fletxa groga a la porta del Laberint d&#8217;Horta, just darrere del vel\u00f2drom. Des d&#8217;all\u00e0, una bona xarxa d&#8217;albergs, completada ocasionalment amb algun hostal, permet al pelegr\u00ed ajustar aquest Cam\u00ed a les seves capacitats f\u00edsiques personals.<\/p>\n<\/div><div class=\"fusion-clearfix\"><\/div>\n\n\t\t\t\t\t<\/div>\n\t\t\t\t<\/div><\/div><\/div><div class=\"fusion-fullwidth fullwidth-box nonhundred-percent-fullwidth non-hundred-percent-height-scrolling fusion-equal-height-columns\"  style='background-color: rgba(255,255,255,0);background-position: left top;background-repeat: no-repeat;padding-right:0px;padding-left:0px;border-top-width:0px;border-bottom-width:0px;border-color:#eae9e9;border-top-style:solid;border-bottom-style:solid;'><div class=\"fusion-builder-row fusion-row \"><div  class=\"fusion-layout-column fusion_builder_column fusion_builder_column_1_1  fusion-one-full fusion-column-first fusion-column-last 1_1\"  style='margin-top:0px;margin-bottom:0px;'>\n\t\t\t\t\t<div class=\"fusion-column-wrapper\" style=\"padding: 0px 0px 0px 0px;background-position:left top;background-repeat:no-repeat;-webkit-background-size:cover;-moz-background-size:cover;-o-background-size:cover;background-size:cover;\"  data-bg-url=\"\">\n\t\t\t\t\t\t<span class=\"fusion-imageframe imageframe-none imageframe-1 hover-type-none\"><img loading=\"lazy\" src=\"https:\/\/amicsdelspelegrins.org\/wp-content\/uploads\/2017\/03\/Mapa-SJDLP-negro.2.png\" width=\"1294\" height=\"940\" alt=\"\" title=\"Mapa SJDLP negro.2\" class=\"img-responsive wp-image-2157\" srcset=\"https:\/\/amicsdelspelegrins.org\/wp-content\/uploads\/2017\/03\/Mapa-SJDLP-negro.2-200x145.png 200w, https:\/\/amicsdelspelegrins.org\/wp-content\/uploads\/2017\/03\/Mapa-SJDLP-negro.2-400x291.png 400w, https:\/\/amicsdelspelegrins.org\/wp-content\/uploads\/2017\/03\/Mapa-SJDLP-negro.2-600x436.png 600w, https:\/\/amicsdelspelegrins.org\/wp-content\/uploads\/2017\/03\/Mapa-SJDLP-negro.2-800x581.png 800w, https:\/\/amicsdelspelegrins.org\/wp-content\/uploads\/2017\/03\/Mapa-SJDLP-negro.2-1200x872.png 1200w, https:\/\/amicsdelspelegrins.org\/wp-content\/uploads\/2017\/03\/Mapa-SJDLP-negro.2.png 1294w\" sizes=\"(max-width: 800px) 100vw, 1294px\" \/><\/span><div class=\"fusion-clearfix\"><\/div>\n\n\t\t\t\t\t<\/div>\n\t\t\t\t<\/div><\/div><\/div><div class=\"fusion-fullwidth fullwidth-box nonhundred-percent-fullwidth non-hundred-percent-height-scrolling\"  style='background-color: rgba(255,255,255,0);background-position: center center;background-repeat: no-repeat;padding-top:20px;padding-right:0px;padding-bottom:0px;padding-left:0px;'><div class=\"fusion-builder-row fusion-row \"><div  class=\"fusion-layout-column fusion_builder_column fusion_builder_column_1_1  fusion-one-full fusion-column-first fusion-column-last 1_1\"  style='margin-top:0px;margin-bottom:0px;'>\n\t\t\t\t\t<div class=\"fusion-column-wrapper\" style=\"padding: 0px 0px 0px 0px;background-position:left top;background-repeat:no-repeat;-webkit-background-size:cover;-moz-background-size:cover;-o-background-size:cover;background-size:cover;\"  data-bg-url=\"\">\n\t\t\t\t\t\t<div class=\"fusion-text\"><p>Creuant la serra de Collserola, els nostres passos es dirigeixen cap a Sant Cugat amb el seu important monestir; Ullastrell, on podem trobar el primer alberg d&#8217;acollida municipal d&#8217;aquest cam\u00ed; i des d&#8217;all\u00ed, creuant Olesa, Esparreguera i entrant a Collbat\u00f3 pel ben conservat Arc d&#8217;en Bros, iniciar l&#8217;ascens a Montserrat, refer\u00e8ncia religiosa i cultural per als catalans.<\/p>\n<p>Deixant enrere la Moreneta pel Cam\u00ed dels Degotalls, baixarem f\u00e0cilment cap a la industrial Igualada, i seguirem a la recerca de les ermites rom\u00e0niques de Sant Jaume de Sesoliveres i de Pallerols. Sempre paral\u00b7lels per\u00f2 a prou dist\u00e0ncia de la Nacional II, arribarem a les acollidores Cervera i T\u00e0rrega on hem d&#8217;estar particularment alerta ja que aqu\u00ed el cam\u00ed es bifurca.<\/p>\n<p>Una opci\u00f3 seria seguir cap a Lleida i creuar els Monegros direcci\u00f3 a Saragossa i Logronyo; i l&#8217;altra, la que aqu\u00ed recomanem i us expliquem, \u00e9s dirigir el nostre passos cap al nord-oest passant per davant de l&#8217;estaci\u00f3 de RENFE de T\u00e0rrega.<\/p>\n<p>Des d&#8217;all\u00e0, el cam\u00ed ens portar\u00e0 per la plana lleidatana a l&#8217;hospital\u00e0ria Linyola, a la hist\u00f2rica Balaguer, i despr\u00e9s de deixar enrere Algerri i Alfarr\u00e0s, ens acomiadarem de les terres catalanes per entrar a l\u2019 Arag\u00f3.<\/p>\n<p>Tamarit de Llitera segueix oferint l&#8217;hist\u00f2ric primer alberg p\u00fablic d&#8217;aquest Cam\u00ed; despr\u00e9s de creuar la comarca de la Llitera, ens espera Monts\u00f3 i el seu castell templer vigilant al pelegr\u00ed.<\/p>\n<p>Evitant carreteres i seguint les restes d&#8217;antigues cal\u00e7ades i vestigis romans, ens dirigirem a Berbegal, citat ja en el cap\u00edtol III del Llibre IV del Codice Calixtinus com &#8220;opidum fortissimum Barbagalli&#8221;, on podem contemplar la seva col\u00b7legiata. I despr\u00e9s de la hist\u00f2rica Pertusa, arribarem Osca.<\/p>\n<p>A l&#8217;entrar a Osca passarem per davant de l&#8217;ermita de la Mare de D\u00e9u Sales, amb la seva Verge Rom\u00e0nica, l&#8217;exist\u00e8ncia d&#8217;una especula de pelegr\u00ed sota aquesta advocaci\u00f3, d\u00f3na fe de la import\u00e0ncia que va tenir en l&#8217;\u00e8poca dels pelegrinatges. Tamb\u00e9 \u00e9s d&#8217;obligada visita l&#8217;esgl\u00e9sia de Sant Pere Vell, edifici que va ser temple rom\u00e0, posteriorment visigot, despr\u00e9s moss\u00e0rab i finalment rom\u00e0nic.<\/p>\n<p>El Cam\u00ed avan\u00e7a entre fruiters i terres de conreu o pastures cap als boscos del pre-Pirineu; a la col\u00b7legiata de Bolea podrem contemplar un Sant Jaume pelegr\u00ed en el seu imponent retaule de l&#8217;Altar Major; i a Loarre podrem visitar el castell rom\u00e0nic fortificat m\u00e9s antic de la pen\u00ednsula. Despr\u00e9s de petits i acollidors albergs com els de Sarsamarcuello o Ena separats per la Foz d\u2019 Escalete, a trav\u00e9s de l&#8217;encantadora Botaya iniciarem l&#8217;ascensi\u00f3 fins l&#8217;imponent monestir de Sant Joan de la Penya, enclavat a la roca, on podem admirar un dels millors claustres rom\u00e0nics del m\u00f3n.<\/p>\n<p>Des de Sant Joan de la Penya, una espectacular baixada contemplant el Pirineu ens portar\u00e0 a Santa Creu de la Ser\u00f3s ja a la comarca de la Jacet\u00e0nia, i a pocs quil\u00f2metres confluirem a Santa Cilia de Jaca amb el Cam\u00ed que ve des d\u2019El Somport.<\/p>\n<p>Tot i la duresa del seu tram final i que passa per petits llogarets amb pocs serveis, t\u00e9 l&#8217;avantatge que connecta amb un cam\u00ed amb bona infraestructura (en aquest cas el Cam\u00ed Aragon\u00e8s) molt abans que si optem per la variant de Lleida i Saragossa.<\/p>\n<p>Cam\u00ed solitari i ben senyalitzat en el qual ning\u00fa s&#8217;estranya de veure passar pelegrins cap a Compostela.<\/p>\n<p>No hi ha cap guia editada en paper per\u00f2 tampoc \u00e9s imprescindible per rec\u00f3rrer els aproximadament 1.300 km que separen Barcelona de Compostel\u00b7la.<\/p>\n<p>La nostra associaci\u00f3 disposa d&#8217;un fullet amb la descripci\u00f3 de l&#8217;itinerari. Pots accedir-hi clicant a la icona PDF<\/p>\n<\/div><div class=\"fusion-clearfix\"><\/div>\n\n\t\t\t\t\t<\/div>\n\t\t\t\t<\/div><\/div><\/div><div class=\"fusion-fullwidth fullwidth-box nonhundred-percent-fullwidth non-hundred-percent-height-scrolling\"  style='background-color: rgba(255,255,255,0);background-position: center center;background-repeat: no-repeat;padding-top:0px;padding-right:0px;padding-bottom:20px;padding-left:0px;'><div class=\"fusion-builder-row fusion-row \"><div  class=\"fusion-layout-column fusion_builder_column fusion_builder_column_1_1  fusion-one-full fusion-column-first fusion-column-last 1_1\"  style='margin-top:0px;margin-bottom:0px;'>\n\t\t\t\t\t<div class=\"fusion-column-wrapper\" style=\"padding: 0px 0px 0px 0px;background-position:left top;background-repeat:no-repeat;-webkit-background-size:cover;-moz-background-size:cover;-o-background-size:cover;background-size:cover;\"  data-bg-url=\"\">\n\t\t\t\t\t\t<div class=\"fusion-text\"><h3 style=\"margin: 0 0 10px 0;\">Fulla dels serveis:<\/h3>\n<\/div><div class=\"imageframe-liftup\"><span class=\"fusion-imageframe imageframe-none imageframe-2\"><a class=\"fusion-no-lightbox\" href=\"https:\/\/amicsdelspelegrins.org\/wp-content\/uploads\/2026\/04\/serveis-cami-SJDLP.pdf\" target=\"_blank\" aria-label=\"pdf-icon\" rel=\"noopener noreferrer\"><img loading=\"lazy\" src=\"https:\/\/amicsdelspelegrins.org\/wp-content\/uploads\/2017\/01\/pdf-icon.png\" width=\"64\" height=\"64\" alt=\"\" class=\"img-responsive wp-image-2095\"\/><\/a><\/span><\/div><div class=\"fusion-clearfix\"><\/div>\n\n\t\t\t\t\t<\/div>\n\t\t\t\t<\/div><\/div><\/div><\/p>\n","protected":false},"excerpt":{"rendered":"","protected":false},"author":1,"featured_media":0,"parent":0,"menu_order":0,"comment_status":"closed","ping_status":"closed","template":"","meta":[],"_links":{"self":[{"href":"https:\/\/amicsdelspelegrins.org\/ca\/wp-json\/wp\/v2\/pages\/1463"}],"collection":[{"href":"https:\/\/amicsdelspelegrins.org\/ca\/wp-json\/wp\/v2\/pages"}],"about":[{"href":"https:\/\/amicsdelspelegrins.org\/ca\/wp-json\/wp\/v2\/types\/page"}],"author":[{"embeddable":true,"href":"https:\/\/amicsdelspelegrins.org\/ca\/wp-json\/wp\/v2\/users\/1"}],"replies":[{"embeddable":true,"href":"https:\/\/amicsdelspelegrins.org\/ca\/wp-json\/wp\/v2\/comments?post=1463"}],"version-history":[{"count":71,"href":"https:\/\/amicsdelspelegrins.org\/ca\/wp-json\/wp\/v2\/pages\/1463\/revisions"}],"predecessor-version":[{"id":13307,"href":"https:\/\/amicsdelspelegrins.org\/ca\/wp-json\/wp\/v2\/pages\/1463\/revisions\/13307"}],"wp:attachment":[{"href":"https:\/\/amicsdelspelegrins.org\/ca\/wp-json\/wp\/v2\/media?parent=1463"}],"curies":[{"name":"wp","href":"https:\/\/api.w.org\/{rel}","templated":true}]}}

Camí català per San Juan de la Peña

<p><div class="fusion-fullwidth fullwidth-box nonhundred-percent-fullwidth non-hundred-percent-height-scrolling"  style='background-color: rgba(255,255,255,0);background-position: left top;background-repeat: no-repeat;padding-top:0px;padding-right:0px;padding-bottom:0px;padding-left:0px;border-top-width:0px;border-bottom-width:0px;border-color:#eae9e9;border-top-style:solid;border-bottom-style:solid;'><div class="fusion-builder-row fusion-row "><div  class="fusion-layout-column fusion_builder_column fusion_builder_column_1_1  fusion-one-full fusion-column-first fusion-column-last fusion-column-no-min-height 1_1"  style='margin-top:0px;margin-bottom:0px;'>
					<div class="fusion-column-wrapper" style="padding: 0px 0px 0px 0px;background-position:left top;background-repeat:no-repeat;-webkit-background-size:cover;-moz-background-size:cover;-o-background-size:cover;background-size:cover;"  data-bg-url="">
						<div class="fusion-text"><h2>Camí català per San Juan de la Peña</h2>
<p>El Camí Català per San Juan de la Peña és un dels Camins històrics que creuen Catalunya i s&#8217;endinsa en la província d&#8217;Osca en el seu periple cap a Compostel·la.</p>
<p>Des 1.992 aquesta Associació ha mantingut la senyalització d&#8217;aquest camí comprenent en el dia d&#8217;avui la totalitat dels gairebé 400 quilòmetres que separen Barcelona fins a la seva confluència amb el Camí Aragonès, un parell de quilòmetres abans d&#8217;arribar a Santa Cilia de Jaca.</p>
<p>A Barcelona, podem trobar la primera fletxa groga a la porta del Laberint d&#8217;Horta, just darrere del velòdrom. Des d&#8217;allà, una bona xarxa d&#8217;albergs, completada ocasionalment amb algun hostal, permet al pelegrí ajustar aquest Camí a les seves capacitats físiques personals.</p>
</div><div class="fusion-clearfix"></div>

					</div>
				</div></div></div><div class="fusion-fullwidth fullwidth-box nonhundred-percent-fullwidth non-hundred-percent-height-scrolling fusion-equal-height-columns"  style='background-color: rgba(255,255,255,0);background-position: left top;background-repeat: no-repeat;padding-right:0px;padding-left:0px;border-top-width:0px;border-bottom-width:0px;border-color:#eae9e9;border-top-style:solid;border-bottom-style:solid;'><div class="fusion-builder-row fusion-row "><div  class="fusion-layout-column fusion_builder_column fusion_builder_column_1_1  fusion-one-full fusion-column-first fusion-column-last 1_1"  style='margin-top:0px;margin-bottom:0px;'>
					<div class="fusion-column-wrapper" style="padding: 0px 0px 0px 0px;background-position:left top;background-repeat:no-repeat;-webkit-background-size:cover;-moz-background-size:cover;-o-background-size:cover;background-size:cover;"  data-bg-url="">
						<span class="fusion-imageframe imageframe-none imageframe-1 hover-type-none"><img loading="lazy" src="https://amicsdelspelegrins.org/wp-content/uploads/2017/03/Mapa-SJDLP-negro.2.png" width="1294" height="940" alt="" title="Mapa SJDLP negro.2" class="img-responsive wp-image-2157" srcset="https://amicsdelspelegrins.org/wp-content/uploads/2017/03/Mapa-SJDLP-negro.2-200x145.png 200w, https://amicsdelspelegrins.org/wp-content/uploads/2017/03/Mapa-SJDLP-negro.2-400x291.png 400w, https://amicsdelspelegrins.org/wp-content/uploads/2017/03/Mapa-SJDLP-negro.2-600x436.png 600w, https://amicsdelspelegrins.org/wp-content/uploads/2017/03/Mapa-SJDLP-negro.2-800x581.png 800w, https://amicsdelspelegrins.org/wp-content/uploads/2017/03/Mapa-SJDLP-negro.2-1200x872.png 1200w, https://amicsdelspelegrins.org/wp-content/uploads/2017/03/Mapa-SJDLP-negro.2.png 1294w" sizes="(max-width: 800px) 100vw, 1294px" /></span><div class="fusion-clearfix"></div>

					</div>
				</div></div></div><div class="fusion-fullwidth fullwidth-box nonhundred-percent-fullwidth non-hundred-percent-height-scrolling"  style='background-color: rgba(255,255,255,0);background-position: center center;background-repeat: no-repeat;padding-top:20px;padding-right:0px;padding-bottom:0px;padding-left:0px;'><div class="fusion-builder-row fusion-row "><div  class="fusion-layout-column fusion_builder_column fusion_builder_column_1_1  fusion-one-full fusion-column-first fusion-column-last 1_1"  style='margin-top:0px;margin-bottom:0px;'>
					<div class="fusion-column-wrapper" style="padding: 0px 0px 0px 0px;background-position:left top;background-repeat:no-repeat;-webkit-background-size:cover;-moz-background-size:cover;-o-background-size:cover;background-size:cover;"  data-bg-url="">
						<div class="fusion-text"><p>Creuant la serra de Collserola, els nostres passos es dirigeixen cap a Sant Cugat amb el seu important monestir; Ullastrell, on podem trobar el primer alberg d&#8217;acollida municipal d&#8217;aquest camí; i des d&#8217;allí, creuant Olesa, Esparreguera i entrant a Collbató pel ben conservat Arc d&#8217;en Bros, iniciar l&#8217;ascens a Montserrat, referència religiosa i cultural per als catalans.</p>
<p>Deixant enrere la Moreneta pel Camí dels Degotalls, baixarem fàcilment cap a la industrial Igualada, i seguirem a la recerca de les ermites romàniques de Sant Jaume de Sesoliveres i de Pallerols. Sempre paral·lels però a prou distància de la Nacional II, arribarem a les acollidores Cervera i Tàrrega on hem d&#8217;estar particularment alerta ja que aquí el camí es bifurca.</p>
<p>Una opció seria seguir cap a Lleida i creuar els Monegros direcció a Saragossa i Logronyo; i l&#8217;altra, la que aquí recomanem i us expliquem, és dirigir el nostre passos cap al nord-oest passant per davant de l&#8217;estació de RENFE de Tàrrega.</p>
<p>Des d&#8217;allà, el camí ens portarà per la plana lleidatana a l&#8217;hospitalària Linyola, a la històrica Balaguer, i després de deixar enrere Algerri i Alfarràs, ens acomiadarem de les terres catalanes per entrar a l’ Aragó.</p>
<p>Tamarit de Llitera segueix oferint l&#8217;històric primer alberg públic d&#8217;aquest Camí; després de creuar la comarca de la Llitera, ens espera Montsó i el seu castell templer vigilant al pelegrí.</p>
<p>Evitant carreteres i seguint les restes d&#8217;antigues calçades i vestigis romans, ens dirigirem a Berbegal, citat ja en el capítol III del Llibre IV del Codice Calixtinus com &#8220;opidum fortissimum Barbagalli&#8221;, on podem contemplar la seva col·legiata. I després de la històrica Pertusa, arribarem Osca.</p>
<p>A l&#8217;entrar a Osca passarem per davant de l&#8217;ermita de la Mare de Déu Sales, amb la seva Verge Romànica, l&#8217;existència d&#8217;una especula de pelegrí sota aquesta advocació, dóna fe de la importància que va tenir en l&#8217;època dels pelegrinatges. També és d&#8217;obligada visita l&#8217;església de Sant Pere Vell, edifici que va ser temple romà, posteriorment visigot, després mossàrab i finalment romànic.</p>
<p>El Camí avança entre fruiters i terres de conreu o pastures cap als boscos del pre-Pirineu; a la col·legiata de Bolea podrem contemplar un Sant Jaume pelegrí en el seu imponent retaule de l&#8217;Altar Major; i a Loarre podrem visitar el castell romànic fortificat més antic de la península. Després de petits i acollidors albergs com els de Sarsamarcuello o Ena separats per la Foz d’ Escalete, a través de l&#8217;encantadora Botaya iniciarem l&#8217;ascensió fins l&#8217;imponent monestir de Sant Joan de la Penya, enclavat a la roca, on podem admirar un dels millors claustres romànics del món.</p>
<p>Des de Sant Joan de la Penya, una espectacular baixada contemplant el Pirineu ens portarà a Santa Creu de la Serós ja a la comarca de la Jacetània, i a pocs quilòmetres confluirem a Santa Cilia de Jaca amb el Camí que ve des d’El Somport.</p>
<p>Tot i la duresa del seu tram final i que passa per petits llogarets amb pocs serveis, té l&#8217;avantatge que connecta amb un camí amb bona infraestructura (en aquest cas el Camí Aragonès) molt abans que si optem per la variant de Lleida i Saragossa.</p>
<p>Camí solitari i ben senyalitzat en el qual ningú s&#8217;estranya de veure passar pelegrins cap a Compostela.</p>
<p>No hi ha cap guia editada en paper però tampoc és imprescindible per recórrer els aproximadament 1.300 km que separen Barcelona de Compostel·la.</p>
<p>La nostra associació disposa d&#8217;un fullet amb la descripció de l&#8217;itinerari. Pots accedir-hi clicant a la icona PDF</p>
</div><div class="fusion-clearfix"></div>

					</div>
				</div></div></div><div class="fusion-fullwidth fullwidth-box nonhundred-percent-fullwidth non-hundred-percent-height-scrolling"  style='background-color: rgba(255,255,255,0);background-position: center center;background-repeat: no-repeat;padding-top:0px;padding-right:0px;padding-bottom:20px;padding-left:0px;'><div class="fusion-builder-row fusion-row "><div  class="fusion-layout-column fusion_builder_column fusion_builder_column_1_1  fusion-one-full fusion-column-first fusion-column-last 1_1"  style='margin-top:0px;margin-bottom:0px;'>
					<div class="fusion-column-wrapper" style="padding: 0px 0px 0px 0px;background-position:left top;background-repeat:no-repeat;-webkit-background-size:cover;-moz-background-size:cover;-o-background-size:cover;background-size:cover;"  data-bg-url="">
						<div class="fusion-text"><h3 style="margin: 0 0 10px 0;">Fulla dels serveis:</h3>
</div><div class="imageframe-liftup"><span class="fusion-imageframe imageframe-none imageframe-2"><a class="fusion-no-lightbox" href="https://amicsdelspelegrins.org/wp-content/uploads/2026/04/serveis-cami-SJDLP.pdf" target="_blank" aria-label="pdf-icon" rel="noopener noreferrer"><img loading="lazy" src="https://amicsdelspelegrins.org/wp-content/uploads/2017/01/pdf-icon.png" width="64" height="64" alt="" class="img-responsive wp-image-2095"/></a></span></div><div class="fusion-clearfix"></div>

					</div>
				</div></div></div></p>
